digit of 0 + (212 - r - a)?
2
Suppose -2 = 2*q + 4, -2*w - 4*q = 42. Let g be w/2*2 + 0. Let n(l) = -l**2 - 22*l - 18. What is the units digit of n(g)?
7
Suppose -19*a = 11249 - 94990 + 13289. What is the tens digit of a?
0
Suppose -27*w + 31900 = -49*w. Let j = w + 2162. What is the units digit of j?
2
Suppose 3*j - 8*j = -m - 12442, 9948 = 4*j + 2*m. What is the hundreds digit of j?
4
Suppose 0*h + 3*r = 3*h - 273, 4*r = 3*h - 271. Let g be ((-255)/15 + 17)*-1. Suppose -p - 16 + h = g. What is the tens digit of p?
7
Suppose -3*y + 9*y = 8664. Suppose -2318 = -3*l + 5*w, 2*l - 3*w = 101 + y. What is the tens digit of l?
7
Let y(x) = x**3 + 7*x**2 - x + 23. Let l = -270 + 276. What is the units digit of y(l)?
5
Suppose -3*w = 9, 18 = 8*h - 7*h - 5*w. Let b = 65 + -63. Suppose h*s = b*s + 174. What is the hundreds digit of s?
1
Let j(x) = 1000*x + 41. Let u be j(7). Suppose 27*a - u = 12534. What is the tens digit of a?
2
What is the thousands digit of 3/5 + 4/(-15) + (-327066)/(-9)?
6
Let x = 127 - 123. Suppose -56 = x*y - 360. What is the tens digit of y?
7
Let d(l) = 5*l - 10. Let z be d(3). Suppose 0 = z*c + 15, 2*k + 4*c = -2*k + 2420. Suppose 77 = -3*f + k. What is the tens digit of f?
7
Let f(m) = 33*m**2 + 52*m - 996. What is the hundreds digit of f(28)?
3
Let f(w) = 3*w + 2. Let r(g) = 2*g + 1. Let q(h) = 3*f(h) - 5*r(h). Let b(x) = x + 38. Let u(n) = -b(n) + 4*q(n). What is the tens digit of u(-19)?
6
Let t = 668 - 662. What is the tens digit of 24/(-468)*-13 + 4874/t?
1
Suppose -71*j - 54831 = -148480. What is the thousands digit of j?
1
Suppose -9 = 44*m - 35*m. What is the units digit of (-552)/(-115) + m/(-5)?
5
What is the tens digit of (-9 + (-207675)/18)*(-8)/14?
9
Let h(p) = 85060*p**2 - 9*p - 71 - 11 - 85036*p**2. What is the tens digit of h(-7)?
5
Let y = 1169 + -724. Suppose -n + 382 = -y. What is the tens digit of n?
2
Let a be (-34)/(-119) - 38/(-14). Suppose 5*o = a*r + 89 - 486, -5 = o. Let y = r + -42. What is the units digit of y?
2
Let w be (0 + 4/(-6))*21. Let l be w/(-5) + (-6)/(-30). Suppose 0 = -k + l*z + 118, -98 = -k + z - 2*z. What is the hundreds digit of k?
1
Suppose 0 = -6*j - 14*j. What is the tens digit of (j + 1)*(613 + 10)?
2
Let m be (-3)/6*-8 - 8. Let u be -3 + (-2 - (-17)/(-3 - m)). What is the tens digit of u*((-2)/(-20))/(4/290)?
8
Let d(s) = -277*s**3 + 5*s**2 - 15*s - 61. What is the thousands digit of d(-3)?
7
Suppose 242778 = 5*y - 2*a, -4*y - 646*a + 651*a + 194219 = 0. What is the tens digit of y?
5
Suppose 16752 = 5*s - 4*u, -u = -2*s + 1516 + 5183. What is the tens digit of s?
4
Let k(w) = -7248*w + 37. What is the tens digit of k(-1)?
8
Suppose -5*p - 1447 + 173 = 3*h, 0 = -3*p - 12. Let s = 255 - h. What is the units digit of s?
3
Let c = 5712 + 7094. What is the hundreds digit of c?
8
Let i = 3414 + -4946. Let b = i - -2642. What is the tens digit of b?
1
Suppose -4*c - 20 = -2*o, -c - 3 = 3*o + 4*c. Suppose 2*l = 10, o*l + 147 + 1390 = 3*i. What is the tens digit of i?
1
Let f = 16516 - -16487. What is the tens digit of f?
0
Let f(z) = 2*z + 23. Let p be f(-10). Suppose -p*n + 3*a + 2*a + 3 = 0, 3*a - 21 = -2*n. Suppose n*i - 86 = 34. What is the tens digit of i?
2
Let i = -229 - -229. Suppose -4*y + 1234 = -y - 5*x, 4*y + 5*x - 1587 = i. What is the units digit of y?
3
Let n be (6/8)/(3/(-24)). Let s = n - -12. Suppose 8*z - s*z = 4. What is the units digit of z?
2
Suppose -2160 = 36*a - 76*a. Let u(b) = -b + 46. Let m be u(0). Let s = a - m. What is the units digit of s?
8
Let t(a) = 5*a**2 - 26*a - 1. Let r be t(-8). Let q = 1273 - r. What is the hundreds digit of q?
7
Suppose 15209 = 4*i - 5*w, 3806 = -28*i + 29*i - 5*w. What is the tens digit of i?
0
Let u be (-1)/(-4 + (-38)/(-10)). Suppose -u*v + 7*v = -a + 4, 4*v - 3*a = -2. What is the units digit of v?
1
Let l(r) = -8*r - 12. Let v(y) = -y**3 + 8*y**2 + 10*y - 5. Let h be v(9). Let w be -11 + 11 + 2/(h/(-6)). What is the units digit of l(w)?
2
Let x = 1822 + -837. Suppose -5*d = 3*a - 7*d - x, -5*a - 3*d = -1629. What is the units digit of a?
7
Suppose -558*t + 2482 = -557*t - 3*o, t - 2*o - 2475 = 0. What is the thousands digit of t?
2
Let o = -62846 - -93635. What is the units digit of o?
9
Suppose 2*k = 15 - 21. Let g(r) = -95*r - 11. Let c be g(k). Let h = c + -154. What is the units digit of h?
0
Suppose 0 = -1676*x + 1664*x + 72900. What is the thousands digit of x?
6
Suppose -23*z - 142*z + 20*z + 1609790 = 0. What is the units digit of z?
2
Suppose -2*h = -111*h + 13*h + 534048. What is the thousands digit of h?
5
Let w = -1 + -2. Let l(b) = -6*b**3 + b - 5. Let z(v) = v**3 + 1. Let r(k) = 2*l(k) + 9*z(k). What is the tens digit of r(w)?
7
Let v(x) = -x**2 + 22*x - 18. Let l be v(21). Suppose 5*j = l*p + 173, j + 19 = -p - 52. What is the units digit of (p/6)/((-1)/(-2) + -1)?
2
Let m(y) = -y**2 + 4*y + 80. Let a be m(-7). Suppose -a*o + 4505 = 14*o. What is the hundreds digit of o?
2
Suppose 15864330 - 4180086 = 286*f. What is the hundreds digit of f?
8
Let q be -10 - -10 - (-7)/1. Suppose 0 = -12*r + 14*r - 1378. Suppose q*s - 249 = r. What is the units digit of s?
4
Let b = 1820 + -2252. Suppose 5*p + 1267 = -8. Let i = p - b. What is the hundreds digit of i?
1
Let f be (-110)/15*(-1 + (-1)/2). Let m(i) = -f*i - 325 + 346 - 13*i. What is the hundreds digit of m(-4)?
1
Let b(t) be the third derivative of t**5/15 - 3*t**4/4 + 23*t**3/3 + 4*t**2. Let a = -741 - -750. What is the tens digit of b(a)?
0
Suppose -24*o = -4*p - 20*o + 10404, -p + 5*o = -2605. What is the units digit of p?
0
Suppose 43*b = 27*b + 144. Suppose 1305 - 14418 = -b*i. What is the hundreds digit of i?
4
Suppose -4*y - 8 = 12, 10 = 5*l + y. Suppose -l*t + 7 + 11 = 0. Suppose t*v - 7*v + 56 = 0. What is the tens digit of v?
5
Suppose -15*a + 72 = -6*a. What is the tens digit of -1*2 + 5892/96*a?
8
Let z be ((-5)/((-80)/36))/((-3)/(-4336)). Suppose -42*w = -38*w + 2*r - z, 3*w + r - 2441 = 0. What is the hundreds digit of w?
8
Suppose 5*j + 20770 = 3*a - 27723, 0 = -5*a + 3*j + 80843. What is the hundreds digit of a?
1
Let a = -72 + 85. Suppose -h - 34 = -a. What is the hundreds digit of 231 + ((-8)/(-3))/((-14)/h)?
2
Let g(s) = -57*s + 76*s - 122*s - 10. Let b be g(-3). Suppose -b - 157 = -3*j. What is the units digit of j?
2
Suppose h - 5 = -6. What is the hundreds digit of (-1005)/(-10)*(h - 14/(-6))?
1
Suppose -11880 = -5*g + 5*c, 0*g + 4773 = 2*g + 5*c. Suppose 0 = -19*k + 1782 + g. What is the tens digit of k?
1
Let j(v) = -5*v + 58. Let y(i) = 5*i - 59. Let c(l) = -10*l + 33. Let w be c(3). Let g(z) = w*j(z) + 2*y(z). What is the units digit of g(10)?
6
Let b(u) = 28*u**3 - 8*u**2 - 3*u + 24. What is the hundreds digit of b(6)?
7
Let k be (-11194)/(-10) + 22/(-55). Let v = -567 + k. What is the hundreds digit of v?
5
Let n = 31 - 29. Let j(p) = 0*p**n - 14*p**2 + 6 + 15*p - 4 + p**3. What is the tens digit of j(13)?
2
Let r(h) = h**3 + 13*h**2 - 17*h - 35. Let z be r(-14). What is the hundreds digit of 1 + (2 - -816) + z?
8
Let g = 101 + -95. Suppose i - 4*n + g = 0, -3*n + 10 = i + n. Suppose -7*h + 1055 = -i*h. What is the units digit of h?
1
Let l = -122 + 132. Suppose l*s + 4*h + 524 = 15*s, 2*h + 106 = s. What is the units digit of s?
4
Let h be (-2 - -3)*(-3)/6*-22. Let s = 9 - h. What is the units digit of (0 - (-40 + s)) + -2?
0
Let r(s) = -4*s**3 - 3*s**2 - 7*s - 4. Let i be r(-2). What is the units digit of -4*15/i*14/(-4)?
7
Let r(n) = 14*n**2 - 2*n - 2. Suppose 0*k - 18 = -k - 5*y, 2*k - y + 8 = 0. Let w be r(k). Let h = w - 24. What is the tens digit of h?
3
Let d(b) = 5*b**3 + b**2 + 4. Let l be d(2). Suppose l*h - 51*h = -246. Let k = h - 27. What is the units digit of k?
5
Suppose 0 = -15*a - 20*a. Suppose -47*d + 15246 + 10416 = a. What is the hundreds digit of d?
5
Suppose 5*d + 329 = 4*l, -l - 2*d + 101 = 3*d. Suppose -4 - l = -3*z. What is the tens digit of z?
3
Suppose 9*x = 1 + 26, 3*t + 4*x - 41457 = 0. What is the units digit of t?
5
Suppose -47688 - 87472 + 31922 = -41*o. What is the tens digit of o?
1
Let r = 500 - -33. What is the tens digit of r?
3
Let r(o) = 2*o**2 - 33*o - 65. Let h be r(-35). Suppose 13*b + 1005 = h. What is the units digit of b?
5
Let q = 102 - 93. Let y be (-12)/q - 1201/(-3). Suppose 0 = 